5) to base 10.
3208893
What is 100110110111011000000010 (base 2) in base 16?
9b7602
6280b7 (base 16) to base 7
105604432
What is aa641 (base 11) in base 16?
272eb
-911a (base 16) to base 2
-1001000100011010
Convert 30013122020 (base 4) to base 13.
872843
What is -515621 (base 8) in base 11?
-107441
What is -110101111011000101010 (base 2) in base 7?
-21006320
1153225 (base 6) to base 4
33003101
Convert 364135 (base 7) to base 15.
14984
1000110010110011000000 (base 2) to base 3
11100010011101
What is -11111000010101011 (base 2) in base 16?
-1f0ab
Convert -10020222122 (base 3) to base 4.
-33222032
What is 298909 (base 10) in base 7?
2353312
Convert -100000101020 (base 3) to base 10.
-177423
-213965 (base 10) to base 12
-a39a5
What is 8c63b (base 13) in base 5?
31142131
What is 151334202 (base 6) in base 15?
42483b
What is -7a31 (base 11) in base 6?
-120521
Convert -12500777 (base 8) to base 14.
-527331
Convert -2331210203 (base 4) to base 8.
-2754443
Convert 11101100100011100011 (base 2) to base 9.
1736110
-100131032 (base 4) to base 9
-112415
-130636324 (base 7) to base 5
-4114030243
Convert -1540435 (base 6) to base 15.
-1bde2
What is -10101011110110110110101 (base 2) in base 15?
-763878
Convert e9506 (base 15) to base 12.
2b8480
Convert -1011010000110001110 (base 2) to base 11.
-23229a
Convert -2db4a0 (base 16) to base 4.
-23123102200
-100021100200 (base 3) to base 8
-544357
What is 214232311 (base 5) in base 8?
3431033
8475bb (base 13) to base 9
5745647
228ae (base 16) to base 15
2bdc6
86285 (base 12) to base 16
2b205
101100002110 (base 3) to base 16
31ac1
2044001 (base 11) to base 4
31300213203
1c9e6 (base 15) to base 11
64169
10110202211 (base 3) to base 8
205407
-10000022020110 (base 3) to base 7
-16413453
What is 115687 (base 11) in base 15?
39413
What is 910922 (base 11) in base 6?
51223221
Convert 16318969 (base 10) to base 11.
9236757
What is 9a8221 (base 11) in base 10?
1606782
Convert 4a9cc (base 14) to base 6.
3531240
110233033032 (base 4) to base 13
11845b0
Convert 102333233 (base 4) to base 15.
180c2
221111011202 (base 4) to base 11
612aa50
3e4c87 (base 15) to base 13
811c57
What is -10110110111001011000 (base 2) in base 7?
-6240044
Convert 179dda3 (base 15) to base 5.
13401140303
What is -235805 (base 10) in base 12?
-b4565
Convert 121313132 (base 4) to base 7.
620615
15e368 (base 16) to base 6
50425024
-8abc4 (base 14) to base 6
-11120344
Convert 401574 (base 11) to base 14.
12b709
What is 1300122102 (base 4) in base 10?
460434
What is 50714365 (base 8) in base 5?
10221042100
What is -211034404 (base 5) in base 12?
-363973
What is 303040211 (base 5) in base 3?
2022001022120
Convert 232130000 (base 4) to base 9.
318822
Convert -2244042420 (base 5) to base 4.
-103110222100
-214211 (base 6) to base 13
-8137
3c5ee (base 15) to base 13
6a23b
What is -10201010002 (base 3) in base 12?
-3629b
Convert 110101000100000111 (base 2) to base 13.
77c14
Convert 284ef2 (base 16) to base 13.
71650b
Convert 5230018 (base 9) to base 13.
76b263
Convert 55445034 (base 6) to base 4.
12113303032
-10011100010100111 (base 2) to base 10
-80039
Convert -18bb6 (base 16) to base 4.
-120232312
Convert -258203 (base 10) to base 11.
-166aa0
-15cbd1 (base 14) to base 12
-30a983
Convert -51062044 (base 7) to base 2.
-10000001101101101111000
Convert 865b6 (base 13) to base 16.
3b3e8
Convert 22257176 (base 8) to base 2.
10010010101111001111110
Convert -1100272 (base 8) to base 9.
-488716
110110011111101110001100 (base 2) to base 6
1230105312
What is 4053253 (base 6) in base 13?
6a311
What is -20112020120120 (base 3) in base 8?
-15167312
What is -3cd362 (base 14) in base 8?
-10032532
Convert 109423 (base 15) to base 4.
3001002123
Convert 620115 (base 12) to base 7.
16021061
Convert -3232667 (base 9) to base 6.
-101100141
What is -1011110100111011010 (base 2) in base 3?
-201200121120
Convert -244a73 (base 11) to base 3.
-201200020201
What is 44435 (base 11) in base 7?
355533
Convert 101253545 (base 6) to base 15.
24840b
Convert -1432423104 (base 5) to base 10.
-3795404
59b5 (base 16) to base 4
11212311
4883463 (base 11) to base 4
200122103012
Convert 1100111101111011000 (base 2) to base 13.
11b542
Convert -169a21a (base 11) to base 4.
-22333322021
-1ab08b (base 12) to base 6
-14104255
Convert -26854 (base 11) to base 12.
-1a1b3
Convert -857117 (base 12) to base 5.
-1014402340
Convert -1a3ba0 (base 12) to base 14.
-c0a92
What is -684a25 (base 12) in base 2?
-110010111000010111101
91641 (base 11) to base 2
100000101011101111
What is 211101312 (base 4) in base 2?
100101010001110110
3200002303 (base 4) to base 6
31400311
What is -536a1 (base 13) in base 14?
-3cc0d
Convert -1021212101121000 (base 3) to base 13.
-3ab9c75
-11222411 (base 5) to base 7
-602141
Convert -194402 (base 12) to base 3.
-211111121102
What is -12012021 (base 4) in base 16?
-6189
Convert 4335b6 (base 14) to base 12.
9190b8
Convert -1325626 (base 7) to base 2.
-101010101100110101
What is 919163 (base 10) in base 6?
31411215
Convert -661667 (base 9) to base 3.
-202001202021
827c39 (base 14) to base 9
8247068
Convert 10000100100000111111100 (base 2) to base 8.
20440774
What is 212366 (base 10) in base 13?
7587b
What is 509ab (base 15) in base 7?
2112230
Convert -312251 (base 7) to base 5.
-3204032
10012010200 (base 3) to base 12
30409
What is 22100133311 (base 4) in base 12?
a98185
74730 (base 8) to base 15
9397
467918 (base 15) to base 14
639027
528945 (base 14) to base 11
1635a68
-1c9c4d (base 14) to base 4
-3322132031
Convert 42161 (base 7) to base 11.
7889
What is 1114110 (base 7) in base 8?
416055
8863 (base 10) to base 3
110011021
What is -231133222 (base 4) in base 5?
-21430341
What is -175637 (base 12) in base 7?
-3300322
2244b65 (base 13) to base 6
1013301054
-23880 (base 10) to base 3
-1012202110
What is 7d35b (base 16) in base 3?
222001111210
What is 183a34 (base 11) in base 15?
58e99
-119ab (base 14) to base 2
-1010100001000011
What is -283887 (base 12) in base 13?
-1a5c5a
1237563 (base 8) to base 2
1010011111101110011
Convert -1111010011010001111111 (base 2) to base 12.
-1415313
Convert -517149 (base 10) to base 2.
-1111110010000011101
What is 131230021120 (base 4) in base 2?
11101101100001001011000
14615305 (base 7) to base 14
285d05
Convert -10000100110110000 (base 2) to base 15.
-15246
Convert -145ba25 (base 12) to base 13.
-b09894
-1a8738 (base 13) to base 6
-22252141
-210000102 (base 4) to base 14
-3ba5c
What is -2213300020 (base 4) in base 5?
-133441422
Convert 11110000100000 (base 2) to base 12.
8aa8
734650 (base 8) to base 9
411802
Convert -1637001 (base 14) to base 6.
-1025233001
Convert -268d55 (base 16) to base 8.
-11506525
Convert 3054324 (base 6) to base 9.
244217
What is -101001000111110100001 (base 2) in base 12?
-54b969
What is 3671854 (base 9) in base 15?
2965ea
What is 2254535 (base 6) in base 4?
130122323
31242331 (base 6) to base 12
3793a7
-10012212101021 (base 3) to base 15
-23b907
Convert -334224114 (base 5) to base 9.
-2700681
-25673575 (base 8) to base 12
-1b05311
Convert 18a7b (base 16) to base 14.
28b35
-77889 (base 10) to base 9
-127753
Convert 441041450 (base 6) to base 11.
44aa226
Convert -5412233 (base 6) to base 12.
-10a079
-2130767 (base 10) to base 6
-113400355
What is 1836a (base 16) in base 4?
120031222
1100001010100011 (base 2) to base 9
75313
What is 225243 (base 10) in base 13?
7b6a5
-2016423 (base 10) to base 4
-13230102213
-1002211201 (base 3) to base 7
-120265
What is -a56708 (base 12) in base 9?
-4807148
What is 342366 (base 8) in base 11?
7a137
-11044513 (base 6) to base 9
-556500
What is 20240125 (base 6) in base 3?
1002111111222
11060767 (base 8) to base 7
26160350
Convert 2935947 (base 10) to base 12.
b97063
9c81bc (base 14) to base 4
110103233022
-10010111001111011 (base 2) to base 7
-441521
-37001b6 (base 12) to base 2
-101000110100010100011010
Convert 100100011101001100 (base 2) to base 16.
2474c
352aa (base 12) to base 2
10001011001100010
Convert -10340234 (base 5) to base 15.
-1ba49
41d9e0 (base 15) to base 2
1011111101001100011011
-6205306 (base 8) to base 5
-410004113
What is 2112443 (base 5) in base 11?
24638
What is 13044011 (base 5) in base 2?
11111010000000110
What is -11210120121012 (base 3) in base 8?
-11565317
Convert 5a140a (b